 108 - 101. Suppose 1 - 92 = -o*n. Calculate the remainder when 16 is divided by n.
3
Let o(u) = -u**2 + 4*u + 295. Calculate the remainder when (-12 + 0)*333/(-27) is divided by o(18).
19
Let k be (-15)/(-5)*5 + 0. Let v(o) = o**3 - 17*o**2 + 15*o - 2. Let s be v(k). What is the remainder when 1 + 15/(-20) + s/(-4) is divided by 30?
27
Let f(t) = t**2 + 20*t + 94. Suppose 193 = -15*m - 62. Calculate the remainder when 210 is divided by f(m).
38
Let g = 21332 + -12476. Calculate the remainder when g is divided by 26.
16
Let c = -4196 + 4212. What is the remainder when 1836 is divided by c?
12
What is the remainder when 7777/(-14)*(-32)/88 is divided by (-2070)/(-50) - (-2)/5*-1?
38
Suppose -4*k + 425 = 5*r, 2*k + 99 = r - 0*k. Let p = 78 - 53. What is the remainder when r is divided by p + 1 + -5 + -1 + 3?
20
Suppose 0 = -25865*u + 25933*u - 10608. Calculate the remainder when u is divided by 133.
23
Calculate the remainder when (746/10)/((-66)/(-330)) is divided by 15.
13
Suppose 5*u = 528 + 162. Let d be 5*4/(-6)*324/135. What is the remainder when u is divided by (-286)/d - 27/36?
33
Let s be (7 - (11 - 5))*566. Suppose -4*i = s - 1890. Calculate the remainder when i is divided by 84.
79
Let y(c) = c**3 + 8*c**2 + 2*c - 7. Suppose -2*r - 69*r + 165 = -16*r. Calculate the remainder when y(-7) is divided by r.
1
Let x(w) = w**3 - 55. Let v = -37 + 37. Let p be x(v). What is the remainder when 19 is divided by (p/22)/(((-1)/2)/1)?
4
Suppose -31*u + 30*u + 84 = 2*a, -4*u = 4*a - 184. Calculate the remainder when 3683 is divided by a.
35
Let m be 5/(-10) - 1125/(-2). Let s = m + -460. Calculate the remainder when s is divided by 16.
6
Let x(s) = 3*s**2 + 39*s + 4. Suppose 29 + 16 = -3*h + v, -2*h - 5*v = 13. Calculate the remainder when x(h) is divided by 1 - 2/((-2)/11).
10
Let b = 6584 - 6305. What is the remainder when 1105 is divided by b?
268
Suppose -r = -5*t + 4139, -4*t - r = -796 - 2526. What is the remainder when t is divided by 34?
13
Suppose 0*b - b = -2*b, -220 = -4*n + b. What is the remainder when 581 is divided by n?
31
Suppose -t = -3*t + 20. Suppose -5*z + 4*v + 50 = 0, 160*z + 1 = 161*z + v. What is the remainder when t is divided by z?
4
Let t = -7172 - -7679. Calculate the remainder when t is divided by 102.
99
Let p = 2658 + -392. Calculate the remainder when p is divided by 84.
82
Let y(k) = k**3 + 89*k**2 + k + 212. What is the remainder when y(-89) is divided by 23?
8
Let h = -13 + 32. Suppose 75*w = 16*w + 3953. What is the remainder when w is divided by h?
10
Let y(u) = 55*u + 1290. Calculate the remainder when y(4) is divided by 2.
0
Let v = -4032 - -4043. What is the remainder when 60 is divided by v?
5
What is the remainder when ((-1892)/430)/(2/(-260)) is divided by 76?
40
Let t(q) = -15*q + 27. Let x be (-4)/(-10) + 310/(-25). Let h(b) = 36*b + 17. What is the remainder when t(x) is divided by h(1)?
48
Let i = 468 + -206. Suppose 310 = 11*j - i. Let t = 464 - 260. Calculate the remainder when t is divided by j.
48
Suppose 125*n = 5*h + 126*n - 7263, 5*n - 1443 = -h. Calculate the remainder when h is divided by 112.
109
Suppose 0 = 3*b + 6, 7*t - 6*t = b + 23. Calculate the remainder when 121 is divided by t.
16
Let j = 11819 + -11800. Calculate the remainder when 3985 is divided by j.
14
Suppose -337*w = -297*w - 3006 - 194. Let s(t) = 3*t + 3. Let q be s(-5). Let x(g) = -3*g - 9. Calculate the remainder when w is divided by x(q).
26
Suppose -5*x - 370 = -2*q, 18*x - 13*x = 5*q - 940. Let j = q - 78. Calculate the remainder when j is divided by 38.
36
Let c(o) = -5*o**2 - 4*o - 5. Let u be c(-3). Let d = 40 + u. Suppose -4*n = -l + 5*l - 72, -3*l - d*n = -53. Calculate the remainder when 82 is divided by l.
14
Suppose 0 = -2*x + x - 10. Let q = -5 - x. Suppose 0 = -99*o + 75*o + 48. Calculate the remainder when q is divided by o.
1
Suppose -61*w = -69*w + 776. Suppose -9*b + 3*b = -84. What is the remainder when w is divided by b?
13
Let f(k) = -k**2 + 17*k - 60. Let n be f(12). Suppose -5*o + 127 + 63 = n. Calculate the remainder when 148 is divided by o.
34
Suppose -5*t - 2*w = -410, -59 = -t + 12*w - 17*w. What is the remainder when 86 is divided by t?
2
Suppose 77*o - 68*o - 14505 = 2586. What is the remainder when o is divided by 5?
4
Suppose -m = 4*s - 0*s, 16 = 3*m - 4*s. Suppose -346 = -m*g - 38. What is the remainder when g is divided by 16?
13
Let y(u) = -8*u - 11. Suppose 3 = 3*x + 6*i - 2*i, 0 = -4*x + 3*i - 21. Calculate the remainder when 19 is divided by y(x).
6
Suppose 2*n = -n + 201. Let g(q) = -73 - 15*q + 2*q**3 + 10*q**2 - q**3 + 133 - n. What is the remainder when 143 is divided by g(-11)?
32
Let w(v) = 2*v - 29. Let m(t) = -2*t + 28. Let n(q) = -2*m(q) - 3*w(q). What is the remainder when 164 is divided by n(-1)?
32
Let t = 522 - 522. Calculate the remainder when 129 is divided by (1/1 - t) + 1152/36.
30
Let o(c) = -c**2 + 16*c + 23. Let p be o(17). Calculate the remainder when (7 + (4 - 2))*11 is divided by 5/((-75)/(-505)) - (-2)/p.
31
Let x(w) = -28*w - 4. Let h(b) = -27*b - 3. Let z(v) = -4*h(v) + 3*x(v). Calculate the remainder when z(3) is divided by 4*(3 + (-7)/(-4)).
15
Let y = 162 + -24. What is the remainder when 536 is divided by y?
122
Suppose 3*k = -m - 55, 0 = -4*k + 3*m + 5 - 87. Let i(c) = -c**3 - 21*c**2 - 41*c - 14. Calculate the remainder when 128 is divided by i(k).
42
Let s(f) = 121*f - 2033. Let m(u) = -u**2 + u + 93. Calculate the remainder when m(0) is divided by s(17).
21
Suppose -329*d + 236 = -324*d - m, 2*m - 233 = -5*d. Calculate the remainder when 2864 is divided by d.
44
What is the remainder when -445*((-667)/1595 + (-2)/11) is divided by -2 + 1 + -2 + 70?
66
Let k = -113 + 174. Suppose -3664 = -65*q + 2323 + 5713. Calculate the remainder when q is divided by k.
58
Let t(c) = -18*c**2 - 28*c**2 - 19 + 56*c**2 - c**3 - 6*c. What is the remainder when t(7) is divided by 22?
20
Let z = 2778 - 2751. Calculate the remainder when 91 is divided by z.
10
Calculate the remainder when 178 is divided by (28*32/80)/(2/5).
10
Let o = 98 - 95. Suppose -o*g + 3 = -39. Calculate the remainder when g is divided by -2 + 3 - (-8)/2.
4
Suppose 5*q - 2214 = -2*k, 10*q - 873 = 8*q - 5*k. Calculate the remainder when q is divided by 77.
59
Suppose -3*o + 326 = 89. What is the remainder when o is divided by (17 + 4)/(0 + (0 - -1))?
16
Suppose 0 = 4*l - h - 1676, 3*h - 203 - 1473 = -4*l. Calculate the remainder when l is divided by 49.
27
What is the remainder when 257 is divided by -14 - -35 - 13 - 3?
2
Let d(s) = 8*s - 7. Suppose 16*k + 2*k - 381 - 1401 = 0. What is the remainder when k is divided by d(3)?
14
Let i = 294 - 264. Suppose 0*g + 2760 = i*g. Calculate the remainder when g is divided by 16.
12
Let b = -434 - -545. Suppose -110*v + b*v - 8 = 0. What is the remainder when 44 is divided by v?
4
Let i(a) = a**2 + 9*a - 64. Suppose 13*v = 15*v. Suppose r = -b + 74, v = 3*r + 2*r + 5. Calculate the remainder when b is divided by i(-15).
23
Suppose 9*g - 10*g = -8*w - 34, -8 = 2*g + 3*w. Let o(s) = s**3 + 1. Let t be o(-2). What is the remainder when t/21 + (-7)/(-3) is divided by g?
0
Let u = -307 - -484. What is the remainder when u is divided by 55?
12
Calculate the remainder when 672 is divided by (-1 + 185)*(-26)/(-104).
28
Suppose -34 = 3*q + 4*n - 150, 2*q - 5*n = 39. Let d be 12/(-8)*6/9. Calculate the remainder when q is divided by (-4)/22 + (d - (-145)/11).
8
Let g(s) = 12*s**2 + 4*s - 16. Let d be g(-5). Suppose d = 21*i - 135. What is the remainder when 57 is divided by i?
0
Let x be (-35)/(-20) - 9 - 2/(-8). Let u(n) = -2*n**3 - 11*n**2 - 8*n - 9. What is the remainder when u(x) is divided by 39?
38
Let i(h) = 5*h**2 + 2*h + 5. Let t be i(-2). Suppose -t = -2*p + 95. Let b = 36 - 20. What is the remainder when p is divided by b?
10
Suppose -4*l - 5*s + 10*s = -390, -3*l = 3*s - 252. Calculate the remainder when 9717 is divided by l.
87
Suppose 5*q = 4*t + 431, 120*t + 174 = 2*q + 118*t. Calculate the remainder when 401 is divided by q.
69
Let t = 46 - -4. Suppose 0 = 2*o - t + 26. Suppose -189 = -o*l + 3. Calculate the remainder when 79 is divided by l.
15
Let k(h) = 6*h**3 - 26*h**2 + 63*h + 25. Calculate the remainder when k(6) is divided by 29.
9
Suppose -41*